 2*a**3 + a**2 + 3*a**2 - 2 + 1 + 0*a**3 - 6*a**2. Let x(g) = 3*k(g) - 2*p(g). Determine x(0).
2
Let s(p) be the second derivative of p**5/20 - p**4/12 + p**3/3 - 42*p**2 - 2*p - 2051. Determine s(0).
-84
Let a = 1787 + -1786. Let x(o) = 47*o + 1. Determine x(a).
48
Let m(b) = -b**2 - 8*b - 2. Let f = -673 - -677. Let y be 8 + (-7 - 10) + f. Calculate m(y).
13
Let f(y) = 4*y**2 + 1258*y - 17. Let c(s) = s**2 - 210*s + 3. Let b(w) = 6*c(w) + f(w). Let v be (-1)/(-2) - 3/(-6). Calculate b(v).
9
Let r be -2 - 1*(-2 + (-25)/5). Let n(p) = 0 + p**3 - 3 + r*p**2 - 10*p + 4*p**2 + 2. Give n(-10).
-1
Let z(f) = -f**3 - 6*f**2 - 6*f + 16. Suppose -292 = 51*a + 22*a. Give z(a).
8
Let f(u) be the third derivative of -u**6/60 - u**5/3 - 7*u**4/12 + 37*u**3/6 - 2*u**2 + 540*u. Calculate f(-9).
1
Suppose 3*y = -583*t + 586*t + 18, -2*y - 16 = 5*t. Let c(g) = 29*g - 31. Calculate c(y).
27
Suppose v - 30 = -2*x, -50*v + 4*x = -47*v - 110. Suppose 16*h - 150 = -v*h. Let n(l) = 4*l + 3 - 1 - 4. What is n(h)?
10
Let v = -878 + 888. Let i(g) = 4*g - 44. Give i(v).
-4
Let x(v) = v**3 + 10*v**2 + 21*v + 6. Let i(u) = -u**3 - 10*u**2 - 17*u - 7. Let t(c) = 4*i(c) + 3*x(c). What is t(-10)?
40
Let y(k) = k**3 - 27*k**2 + 28*k - 45. Let l = -1314 - -1340. Determine y(l).
7
Let z(b) = b**3 + 5*b**2 - 63*b - 125. Let w be z(-10). Let h(a) = 72*a - 367. Give h(w).
-7
Let h(w) = w**2 - 12*w - 4. Let d(m) = -m. Let f = 5 - 4. Let p(z) = f*h(z) - 3*d(z). Let o be 2/8*(-13 + 21)*5. Give p(o).
6
Let h(j) = 1 - j**3 - 4698*j + 3*j**2 + 4698*j. Suppose 7 = 5*b - 3. Suppose 0 = b*d - 0 - 8. Determine h(d).
-15
Suppose 3*f = -34*m + 31*m + 438, -3*m + 440 = 5*f. Let w(y) = 76 - m - y**3 + 74 + 4*y**2. Let a be 54/10 - 2/5. Calculate w(a).
-20
Let f(z) = z - 21. Let k be 9/(-6)*(-89 + 71). Calculate f(k).
6
Let v(s) = 991 + 10*s - 330 - s**2 - 349 - 338. Determine v(12).
-50
Let n(f) = 3*f - 4. Let j be n(0). Let i be (4/j)/(-2 - (-26)/14). Let x(b) = b**2 - 5*b - 1. Give x(i).
13
Let v(j) = -j**2 + 42*j - 152. Let w be v(38). Suppose w = -5*u + 40*y - 45*y + 5, 3*y + 4 = 4*u. Let x(z) = 3*z**2 - z. What is x(u)?
2
Let i(o) = 9*o**2 + 4*o + 121. Let p(l) = 11*l**2 - l + 120. Let x(g) = -5*i(g) + 4*p(g). Determine x(-6).
-17
Let o(n) = 4 - 4*n + 0 + 8*n. Suppose -y + v = -v - 12, -3*y = -v - 16. Give o(y).
20
Let o = -42118 - -42110. Let y(p) = -p**2 - 9*p. Let r(z) = -z**2 - 9*z. Let h(s) = -5*r(s) + 6*y(s). Give h(o).
8
Let h(w) = 8 + 4*w - 3*w + 5. Suppose 68 + 28 = -12*q. Let z be 272/64 + (-6)/q - 5. Give h(z).
13
Let j(h) = -h**2 + 10*h - 7. Let c(b) = b**3 + 23*b**2 + 23. Suppose -4*w + 39 = 131. Let p be c(w). Suppose -1 = -3*q + p. Give j(q).
9
Let p(n) = 6*n - 5*n**3 + 7 + 3456*n**2 - 3439*n**2 + 4*n**3. What is p(17)?
109
Let d be (-1)/(10/(-26)) - 4/(-10). Let y(q) = -2*q**3 - 5*q**d + 2 - 2*q**3 - 2*q**2 + 8*q**3 + 2*q. Let s be 6 + -6 + -1 + 3. Calculate y(s).
-10
Let v(k) = k**3 + 3*k**2 + 2*k - 2. Let i = -319 - -339. Suppose 2*q - i*z + 16 = -24*z, q = -5*z - 17. Determine v(q).
-2
Suppose 10*p - 52 = 9*p - 5*k, -3*k - 4 = -p. Let j(t) = 2*t**3 - 49*t**2 + 109*t + 17. Calculate j(p).
-5
Let x(w) = 7*w + 107. Let n(v) = 6*v + 124. Let j(q) = -6*n(q) + 7*x(q). Determine j(-1).
-8
Let f = 1 + 2. Let c(s) = -10*s + s + 5*s**2 - 3*s**2 + 4*s + 6*s. Let w(p) = -9*p**2 - 7*p + 3. Let k(t) = -5*c(t) - w(t). What is k(f)?
-6
Let f = 1247 - -284. Let k(l) = f*l - 5 - 1536*l + 6. Give k(-2).
11
Let a(k) = k**2 - 8*k - 8. Let d = -11451 + 11460. Give a(d).
1
Suppose -5*g - 11 = 2*a, 4*g - 2*a - 3 = g. Let u be ((-9)/(-9) + g/(-1))/1. Suppose 4 = v + u. Let f(k) = 7*k - 2. What is f(v)?
12
Let p(i) = -i**3 + i**2 - 3*i + 2. Suppose 4*t - 20 = 5*k, 2*t - 14 + 4 = 5*k. Suppose t*b + 1 = 11. Give p(b).
-8
Let k(y) = -23*y - 52. Let c be k(-3). Suppose -14*x - 18 = -c*x. Let l(u) = 4*u - 3. What is l(x)?
21
Suppose 8*c - 7*c = 2*k - 20, 2*c + 12 = 0. Let i(j) = -2*j - 13. What is i(k)?
-27
Suppose 3*i = -4*c - 166, -4*c + 93 = -3*i - 41. Let w = i - -51. Let d(u) = u + 5. Give d(w).
6
Let h = 22 + -14. Let j(g) be the first derivative of g**2/2 - 3*g - 334. What is j(h)?
5
Let p(l) = 2*l - 3. Let n be 367*(-5 + (-12)/(-3)). Let q = 371 + n. Give p(q).
5
Let v(t) = t**3 + t**2 + 1. Let x(b) = 4*b**3 + 2*b**2 + 4*b + 5. Let l(w) = 5*v(w) - x(w). Suppose -2*s - 5 - 12 = 3*d, -9 = 3*d. Calculate l(s).
0
Let w(k) = -k**3 + 7*k**2 + 2*k + 7. Suppose -10*b = 63 - 83. Suppose 0 = -3*x - b*g + g + 22, 5*x - 34 = g. Determine w(x).
21
Let u(v) = 22*v - 179. Let y(k) = -27*k + 332. Let s be y(12). Determine u(s).
-3
Let o(k) be the third derivative of k**6/120 - 11*k**5/60 - 29*k**4/24 + 205*k**3/6 + 878*k**2. What is o(12)?
1
Let h(x) be the third derivative of x**7/840 - x**5/60 + x**4/24 - 29*x**3/3 + 42*x**2 + 2*x. Let m(l) be the first derivative of h(l). Give m(-3).
-20
Let p(v) be the third derivative of v**6/60 - v**5/30 + 3*v**3/2 + 2*v**2 + 5*v - 11. Calculate p(2).
17
Let d(b) = -1 - 4 - 503*b + 253*b + 1 + 6*b**2 + 255*b. What is d(-4)?
72
Let t(m) = m**2 - 5*m + 7. Let d = -421 - -431. Suppose 4*p = 2*a + d, -3*a - 20*p = -23*p + 3. What is t(a)?
1
Let m(w) be the third derivative of -w**6/360 + w**5/120 + 3*w**4 - 169*w**2. Let t(j) be the second derivative of m(j). Calculate t(-2).
5
Let f be ((-4 - -5)*3 - -1) + 2. Suppose 110 = f*x - 22. Let g(v) = 6 - v - 50*v**2 - v**3 + 22*v**2 + x*v**2. Calculate g(-6).
12
Let a(v) = -v**2 + 16*v + 20. Let y be a(17). Let g(k) = -k**3 - 21*k**2 + 6. Let d be g(-21). Let s = y - d. Let o(u) = u**3 + 4*u**2 + 2*u + 4. Give o(s).
7
Let y(j) = -323 - j - 214 + 601. Calculate y(0).
64
Let l(x) = x**3 + 24*x**2 + 17*x - 3. Let w be 218/763*7/6*-69. Give l(w).
135
Let r(f) = 2*f + 6. Let s(l) = l**3 - 25*l**2 + 23*l + 27. Let j be s(24). Let i be 2 - (6/3*j + 4). Calculate r(i).
-10
Let x(l) = -l + 1. Let o = -39 - -25. Let c be (-9)/(-4) + 2 + o/56. Give x(c).
-3
Let z = 32093/3 - 10696. Let l(t) be the first derivative of 4*t + z*t**3 - 1/4*t**4 - 7/2*t**2 - 27. Give l(4).
-8
Let f(r) = -6*r - 97. Let c(x) = -78*x - 1308. Let m(g) = -2*c(g) + 27*f(g). What is m(1)?
-9
Suppose 4*h - 3*t + 347 = 0, -5*t - 414 = 4*h - 75. Let c = 86 + h. Suppose 8*q = -c*q - 32. Let g(n) = n + 1. Determine g(q).
-3
Let s = -9347 + 9341. Let t(d) = d**3 + 7*d**2 + 9*d + 24. Calculate t(s).
6
Let r(o) = 12*o**2 + 50 + 223*o**3 - 24*o + 14*o**2 - 65*o**3 - 84*o**3 - 72*o**3. Calculate r(-14).
-6
Let q(l) = -44*l**3 - 3*l + 2. Suppose 2*n + 38 = -6*d - 4*d, n + 3 = -d. Calculate q(n).
-45
Let y(c) = 2*c**2 - 11*c - 2. Let f = 1764 + -1768. Determine y(f).
74
Let o(j) = j**3 + j**2 - 3*j + 4. Let g(m) = -m**3 - 27*m**2 - 90*m + 3. Let v be g(-4). What is o(v)?
-81
Let g(b) = -2719150147298*b + 2719150147298*b - 16*b**2. Let j be -5*(-1)/(-3)*-3. Suppose v = -h - 5, -3 = -j*h + 2*v - 0*v. Determine g(h).
-16
Let o(g) = -g**2 - g + 12. Let x be 107/(-3) + 23/(-69). Let b(a) = -8*a - 288. Let v be b(x). Calculate o(v).
12
Suppose 4*q = 4*o + 404, -o = -2*q - 3 + 204. Let y = q - 99. Let h(u) = 7*u**2 - u. Calculate h(y).
6
Let l(c) = 5*c**2 + 30*c - 21. Let n(r) = -4*r**2 - 29*r + 21. Let k(g) = 5*l(g) + 6*n(g). What is k(23)?
-2
Let w(l) = -17*l**3 + 3*l**2 + 2*l + 6. Let z(a) = 19*a**3 - 4*a**2 - 3*a - 8. Let y(g) = 4*w(g) + 3*z(g). Give y(1).
-12
Suppose -3*p + 4*j + 27 = 0, 2*j = -2*j - 12. Let y(c) = -p + 5 - 19*c**2 + 18*c**2 + 2*c. Determine y(3).
-3
Let l(w) = w - 13. Let q(y) = 5*y - 47. Let a(p) = -22*l(p) + 6*q(p). Determine a(0).
4
Suppose 383 = -2*p + t, -3*p + 3*t - 523 - 47 = 0. Let s = -198 - p. Let j(l) = 3*l + 1. Give j(s).
-14
Let l(z) = -z + 4. Let x(v) = -v + 5. Let b(s) = -s + 5. Let r(d) = 5*b(d) - 4*x(d). Let j(p) = -5*l(p) + 6*r(p). Let m = 185 + -175. What is j(m)?
0
Let o = 2741 + -2739. Let d(f) = 2*f**2 + f - 2. Let g be d(2). Let x(k) = 6 - g + k - o + 3. Give x(-2).
-3
Let a(c) = -c**2 - 15*c - 51. Let r be a(-9). Let q(i) = r*i - 10*i + 0*i + 3*i - 6. What is q(-5)?
14
Let u(w) be the third derivative of -w**4/24 - w**3/6 + 5*w**2 + 7. Let v(q) = -4*q - 15. Let s(a) = -2*u(a) + v(a). Determine s(-10).
7
Let f(z) = -19 - 51 - 40 + 228*z - 226*z + 153. Calculate f(5).
53
Let t(q) = q**3 - 14*q**2 + 13*q + 15. Suppose -29*i = -25*i + 3*d 